{"id":225,"date":"2023-03-28T18:25:46","date_gmt":"2023-03-28T18:25:46","guid":{"rendered":"https:\/\/www.facesulavirtual.org\/cide\/?page_id=225"},"modified":"2025-07-31T13:55:43","modified_gmt":"2025-07-31T13:55:43","slug":"iia","status":"publish","type":"page","link":"https:\/\/www.facesulavirtual.org\/cide\/iia\/","title":{"rendered":"IIA"},"content":{"rendered":"<p>[et_pb_section fb_built=\u00bb1&#8243; _builder_version=\u00bb4.20.4&#8243; _module_preset=\u00bbdefault\u00bb background_enable_color=\u00bboff\u00bb background_image=\u00bbhttps:\/\/www.facesulavirtual.org\/cide\/wp-content\/uploads\/2023\/03\/conocenos.jpg\u00bb min_height=\u00bb402px\u00bb custom_margin=\u00bb||-7px|||\u00bb custom_padding=\u00bb||7px|||\u00bb bottom_divider_color=\u00bb#d1d1d1&#8243; global_colors_info=\u00bb{}\u00bb][et_pb_row _builder_version=\u00bb4.20.2&#8243; _module_preset=\u00bbdefault\u00bb global_colors_info=\u00bb{}\u00bb][et_pb_column type=\u00bb4_4&#8243; _builder_version=\u00bb4.20.2&#8243; _module_preset=\u00bbdefault\u00bb global_colors_info=\u00bb{}\u00bb][et_pb_text _builder_version=\u00bb4.20.4&#8243; _module_preset=\u00bbdefault\u00bb text_font=\u00bb|800|||||||\u00bb text_text_color=\u00bb#FFFFFF\u00bb text_font_size=\u00bb49px\u00bb positioning=\u00bbrelative\u00bb vertical_offset=\u00bb25px\u00bb horizontal_offset=\u00bb25px\u00bb background_layout=\u00bbdark\u00bb text_text_shadow_style=\u00bbpreset1&#8243; text_text_shadow_color=\u00bbrgba(0,0,0,0.92)\u00bb global_colors_info=\u00bb{}\u00bb]<\/p>\n<p style=\"text-align: center;\">Con\u00f3cenos<\/p>\n<p style=\"text-align: right;\">[\/et_pb_text][et_pb_text _builder_version=\u00bb4.20.2&#8243; _module_preset=\u00bbdefault\u00bb text_font=\u00bb|800|||||||\u00bb text_font_size=\u00bb49px\u00bb positioning=\u00bbrelative\u00bb vertical_offset=\u00bb65px\u00bb horizontal_offset=\u00bb25px\u00bb background_layout=\u00bbdark\u00bb text_text_shadow_style=\u00bbpreset5&#8243; global_colors_info=\u00bb{}\u00bb]<\/p>\n<p style=\"text-align: right;\">\n<p style=\"text-align: right;\">\n<p>[\/et_pb_text][\/et_pb_column][\/et_pb_row][\/et_pb_section][et_pb_section fb_built=\u00bb1&#8243; _builder_version=\u00bb4.20.4&#8243; _module_preset=\u00bbdefault\u00bb custom_padding=\u00bb29px|||||\u00bb global_colors_info=\u00bb{}\u00bb][et_pb_row _builder_version=\u00bb4.20.4&#8243; _module_preset=\u00bbdefault\u00bb global_colors_info=\u00bb{}\u00bb][et_pb_column type=\u00bb4_4&#8243; _builder_version=\u00bb4.20.4&#8243; _module_preset=\u00bbdefault\u00bb global_colors_info=\u00bb{}\u00bb][dnxte_text_divider dnxt_divider_text=\u00bb\u00bfQue hacemos?\u00bb text_divider_color=\u00bb#F19914&#8243; text_divider_weight=\u00bb2px\u00bb _builder_version=\u00bb4.20.4&#8243; _module_preset=\u00bbdefault\u00bb dnxt_divider_fonts_font=\u00bb|800|||||||\u00bb dnxt_divider_fonts_font_size=\u00bb31px\u00bb global_colors_info=\u00bb{}\u00bb][\/dnxte_text_divider][\/et_pb_column][\/et_pb_row][\/et_pb_section][et_pb_section fb_built=\u00bb1&#8243; _builder_version=\u00bb4.20.4&#8243; _module_preset=\u00bbdefault\u00bb custom_padding=\u00bb0px||0px|||\u00bb global_colors_info=\u00bb{}\u00bb][et_pb_row column_structure=\u00bb1_2,1_2&#8243; _builder_version=\u00bb4.20.4&#8243; _module_preset=\u00bbdefault\u00bb width=\u00bb75%\u00bb min_height=\u00bb314.2px\u00bb custom_margin=\u00bb-47px|auto||auto||\u00bb custom_padding=\u00bb||0px|||\u00bb global_colors_info=\u00bb{}\u00bb][et_pb_column type=\u00bb1_2&#8243; _builder_version=\u00bb4.20.4&#8243; _module_preset=\u00bbdefault\u00bb global_colors_info=\u00bb{}\u00bb][et_pb_text _builder_version=\u00bb4.20.4&#8243; _module_preset=\u00bbdefault\u00bb text_font_size=\u00bb17px\u00bb global_colors_info=\u00bb{}\u00bb]<\/p>\n<p dir=\"ltr\" class=\"zfr3Q CDt4Ke \" style=\"text-align: justify;\"><span class=\"C9DxTc \">Generar y difundir conocimientos cient\u00edficos en las disciplinas de la <\/span><span class=\"C9DxTc \">Administraci\u00f3n y la Gerencia, a trav\u00e9s de tres actividades fundamentales: Investigaci\u00f3n, Postgrado y Extensi\u00f3n, todo ello en procura de desarrollar capacidades y potencialidades en nuestros estudiantes, actores y aliados, fortaleciendo su contribuci\u00f3n a un mundo m\u00e1s sustentable y justo.<\/span><\/p>\n<p>[\/et_pb_text][\/et_pb_column][et_pb_column type=\u00bb1_2&#8243; _builder_version=\u00bb4.20.4&#8243; _module_preset=\u00bbdefault\u00bb global_colors_info=\u00bb{}\u00bb][et_pb_gallery gallery_ids=\u00bb1493,1504,1503,1502,1501,1500,1497,1495,1510,1509,1517,1516,1515,1513,1512,1511,1519,1520,1521,1522,1523,1530,1527,1528,1529,1526,1525,1524&#8243; posts_number=\u00bb2&#8243; show_title_and_caption=\u00bboff\u00bb zoom_icon_color=\u00bbRGBA(255,255,255,0)\u00bb hover_overlay_color=\u00bbRGBA(255,255,255,0)\u00bb hover_icon=\u00bb&#x28;||divi||400&#8243; _builder_version=\u00bb4.20.4&#8243; _module_preset=\u00bbdefault\u00bb pagination_font=\u00bb|600|||||||\u00bb pagination_text_align=\u00bbcenter\u00bb pagination_text_color=\u00bb#811212&#8243; global_colors_info=\u00bb{}\u00bb][\/et_pb_gallery][\/et_pb_column][\/et_pb_row][\/et_pb_section][et_pb_section fb_built=\u00bb1&#8243; _builder_version=\u00bb4.20.4&#8243; _module_preset=\u00bbdefault\u00bb background_color=\u00bb#FFFFFF\u00bb custom_margin=\u00bb0px|||||\u00bb custom_padding=\u00bb4px||0px|||\u00bb top_divider_color=\u00bb#d1d1d1&#8243; global_colors_info=\u00bb{}\u00bb][et_pb_row _builder_version=\u00bb4.20.2&#8243; _module_preset=\u00bbdefault\u00bb min_height=\u00bb97.5px\u00bb custom_margin=\u00bb-42px|auto||auto||\u00bb global_colors_info=\u00bb{}\u00bb][et_pb_column type=\u00bb4_4&#8243; _builder_version=\u00bb4.20.2&#8243; _module_preset=\u00bbdefault\u00bb global_colors_info=\u00bb{}\u00bb][et_pb_text _builder_version=\u00bb4.20.4&#8243; _module_preset=\u00bbdefault\u00bb header_3_font=\u00bb|800|||||||\u00bb header_3_font_size=\u00bb30px\u00bb global_colors_info=\u00bb{}\u00bb]<\/p>\n<h3 style=\"text-align: center;\">Nuestra raz\u00f3n de ser<\/h3>\n<p>[\/et_pb_text][\/et_pb_column][\/et_pb_row][\/et_pb_section][et_pb_section fb_built=\u00bb1&#8243; next_background_color=\u00bb#ffffff\u00bb _builder_version=\u00bb4.20.4&#8243; _module_preset=\u00bbdefault\u00bb background_color=\u00bb#FFFFFF\u00bb min_height=\u00bb343px\u00bb custom_margin=\u00bb||0px|||\u00bb custom_padding=\u00bb0px||0px|||\u00bb bottom_divider_style=\u00bbmountains2&#8243; global_colors_info=\u00bb{}\u00bb][et_pb_row column_structure=\u00bb1_3,1_3,1_3&#8243; use_custom_gutter=\u00bbon\u00bb gutter_width=\u00bb2&#8243; _builder_version=\u00bb4.20.4&#8243; _module_preset=\u00bbdefault\u00bb width=\u00bb78%\u00bb global_colors_info=\u00bb{}\u00bb][et_pb_column type=\u00bb1_3&#8243; _builder_version=\u00bb4.20.4&#8243; _module_preset=\u00bbdefault\u00bb global_colors_info=\u00bb{}\u00bb][et_pb_blurb title=\u00bbMisi\u00f3n \u00bb use_icon=\u00bbon\u00bb font_icon=\u00bb&#xf201;||fa||900&#8243; icon_color=\u00bb#811212&#8243; image_icon_width=\u00bb42px\u00bb _builder_version=\u00bb4.20.4&#8243; _module_preset=\u00bbdefault\u00bb header_font=\u00bb|600|||||||\u00bb header_text_align=\u00bbcenter\u00bb background_enable_color=\u00bboff\u00bb positioning=\u00bbrelative\u00bb horizontal_offset=\u00bb7px\u00bb min_height=\u00bb416px\u00bb height=\u00bb420px\u00bb custom_padding=\u00bb|24px||10px|false|false\u00bb border_color_all=\u00bb#B9B9B9&#8243; border_width_right=\u00bb1px\u00bb border_color_right=\u00bb#F19914&#8243; global_colors_info=\u00bb{}\u00bb]<\/p>\n<p style=\"text-align: justify;\">Contribuir a la generaci\u00f3n y difusi\u00f3n de conocimiento cient\u00edfico en el \u00e1rea de las ciencias administrativas, mediante actividades de investigaci\u00f3n, docencia y extensi\u00f3n, aportando la experticia de personas que se caracterizan por querer alcanzar un elevado nivel acad\u00e9mico y profesional en su saber.<\/p>\n<p style=\"text-align: justify;\"><strong>La investigaci\u00f3n sostiene la misi\u00f3n del CIDE de desempe\u00f1ar un rol importante en nuestra sociedad meride\u00f1a y de la regi\u00f3n.<\/strong><\/p>\n<p>[\/et_pb_blurb][\/et_pb_column][et_pb_column type=\u00bb1_3&#8243; _builder_version=\u00bb4.20.4&#8243; _module_preset=\u00bbdefault\u00bb global_colors_info=\u00bb{}\u00bb][et_pb_blurb title=\u00bbVisi\u00f3n \u00bb use_icon=\u00bbon\u00bb font_icon=\u00bb&#xf5d2;||fa||900&#8243; icon_color=\u00bb#811212&#8243; image_icon_width=\u00bb42px\u00bb _builder_version=\u00bb4.20.4&#8243; _module_preset=\u00bbdefault\u00bb header_font=\u00bb|700|||||||\u00bb header_text_align=\u00bbcenter\u00bb positioning=\u00bbrelative\u00bb horizontal_offset=\u00bb4px\u00bb min_height=\u00bb416px\u00bb custom_padding=\u00bb|25px|||false|false\u00bb border_width_right=\u00bb1px\u00bb border_color_right=\u00bb#F19914&#8243; global_colors_info=\u00bb{}\u00bb]<\/p>\n<p style=\"text-align: justify;\">Buscamos ser un centro de investigaci\u00f3n reconocido por su rigor intelectual y cient\u00edfico, excelencia acad\u00e9mica y sentido cr\u00edtico en el \u00e1rea de las\u00a0 ciencias administrativas, que busca constantemente formar de manera integral a sus actores organizacionales, para que sean excelentes profesionales y ciudadanos socialmente responsables.<\/p>\n<p><strong>La sostenibildad es el norte de nuestra responsabilidad social.<\/strong><\/p>\n<p>[\/et_pb_blurb][\/et_pb_column][et_pb_column type=\u00bb1_3&#8243; _builder_version=\u00bb4.20.4&#8243; _module_preset=\u00bbdefault\u00bb global_colors_info=\u00bb{}\u00bb][et_pb_blurb title=\u00bbValores\u00bb use_icon=\u00bbon\u00bb font_icon=\u00bb&#xf24e;||fa||900&#8243; icon_color=\u00bb#811212&#8243; image_icon_background_color=\u00bbRGBA(255,255,255,0)\u00bb image_icon_width=\u00bb42px\u00bb _builder_version=\u00bb4.20.4&#8243; _module_preset=\u00bbdefault\u00bb header_font=\u00bb|700|||||||\u00bb header_text_align=\u00bbcenter\u00bb custom_padding=\u00bb|10px|||false|false\u00bb global_colors_info=\u00bb{}\u00bb]<\/p>\n<p style=\"text-align: justify;\">Nuestros valores est\u00e1n centrados en la objetividad e integridad, as\u00ed como en el respeto a las personas y la responsabilidad social y mediambiental.<\/p>\n<p style=\"text-align: justify;\">Estos valores se conforman como los pilares del CIDE que refuerzan nuestra coherencia, al tiempo que fundamentan nuestro crecimiento y visi\u00f3n de las cosas, para cumplir a cabalidad con nuestros roles en la sociedad.<\/p>\n<p style=\"text-align: justify;\"><strong>Somos una de las ramas del \u00e1rbol, por tanto, somos el \u00e1rbol en s\u00ed mismo.<\/strong><\/p>\n<p>[\/et_pb_blurb][\/et_pb_column][\/et_pb_row][\/et_pb_section][et_pb_section fb_built=\u00bb1&#8243; _builder_version=\u00bb4.20.4&#8243; _module_preset=\u00bbdefault\u00bb custom_margin=\u00bb-22px|||||\u00bb locked=\u00bboff\u00bb global_colors_info=\u00bb{}\u00bb][et_pb_row _builder_version=\u00bb4.20.2&#8243; _module_preset=\u00bbdefault\u00bb global_colors_info=\u00bb{}\u00bb][et_pb_column type=\u00bb4_4&#8243; _builder_version=\u00bb4.20.2&#8243; _module_preset=\u00bbdefault\u00bb global_colors_info=\u00bb{}\u00bb][dnxte_text_divider dnxt_divider_text=\u00bbProfesores\u00bb text_divider_color=\u00bb#811212&#8243; text_divider_weight=\u00bb4px\u00bb _builder_version=\u00bb4.20.4&#8243; _module_preset=\u00bbdefault\u00bb dnxt_divider_fonts_font=\u00bb|800|||||||\u00bb dnxt_divider_fonts_font_size=\u00bb34px\u00bb custom_margin=\u00bb6px|||||\u00bb global_colors_info=\u00bb{}\u00bb][\/dnxte_text_divider][\/et_pb_column][\/et_pb_row][et_pb_row column_structure=\u00bb1_3,1_3,1_3&#8243; use_custom_gutter=\u00bbon\u00bb _builder_version=\u00bb4.20.4&#8243; _module_preset=\u00bbdefault\u00bb width=\u00bb91%\u00bb global_colors_info=\u00bb{}\u00bb][et_pb_column type=\u00bb1_3&#8243; _builder_version=\u00bb4.20.4&#8243; _module_preset=\u00bbdefault\u00bb global_colors_info=\u00bb{}\u00bb][et_pb_blurb title=\u00bbProfesora Alice Araujo\u00bb image=\u00bbhttps:\/\/www.facesulavirtual.org\/cide\/wp-content\/uploads\/2023\/04\/profesora-Alice-Araujo-300&#215;300.png\u00bb image_icon_width=\u00bb56%\u00bb _builder_version=\u00bb4.20.4&#8243; _module_preset=\u00bbdefault\u00bb header_font=\u00bb|700|||||||\u00bb header_text_align=\u00bbcenter\u00bb global_colors_info=\u00bb{}\u00bb]<\/p>\n<p style=\"text-align: justify;\">Doctora en Ciencias Humanas, Universidad del Zulia. Mag\u00edster por la New Schoolfor Social Research (1982) de la NYU (USA), en Gerencia y Desarrollo de Recursos Humanos)<strong>.<\/strong><span>\u00a0<\/span>Licenciada en Administraci\u00f3n, Menci\u00f3n Gerencia, ULA. \u00c1reas de investigaci\u00f3n: Gerencia de Recursos Humanos, \u00a0Gesti\u00f3n de Peque\u00f1as Empresas, Desarrollo Local y Relaci\u00f3n Universidad sector Productivo.\u00a0 Profesora Invitada en el programa de Postgrado del CIDE (ULA).<\/p>\n<p>&nbsp;<\/p>\n<p style=\"text-align: justify;\">[\/et_pb_blurb][\/et_pb_column][et_pb_column type=\u00bb1_3&#8243; _builder_version=\u00bb4.20.4&#8243; _module_preset=\u00bbdefault\u00bb global_colors_info=\u00bb{}\u00bb][et_pb_blurb title=\u00bbProfesora Marlene Pe\u00f1aloza \u00bb image=\u00bbhttps:\/\/www.facesulavirtual.org\/cide\/wp-content\/uploads\/2023\/04\/Profesora-Marlene-Penaloza-300&#215;300.png\u00bb image_icon_width=\u00bb56%\u00bb _builder_version=\u00bb4.20.4&#8243; _module_preset=\u00bbdefault\u00bb header_font=\u00bb|700|||||||\u00bb header_text_align=\u00bbcenter\u00bb global_colors_info=\u00bb{}\u00bb]<\/p>\n<p style=\"text-align: justify;\">Doctora en Econom\u00eda Aplicada. Universidad de La Laguna. Tenerife-Espa\u00f1a en Convenio con la ULA.\u00a0\u00a0 Msc. en Administraci\u00f3n P\u00fablica, menci\u00f3n Administraci\u00f3n Regional y Urbana (ULA). Lic. en Administraci\u00f3n (ULA) menci\u00f3n Gerencia. Profesora Titular en el \u00c1rea de Mercadotecnia. Directora del Centro de Investigaciones y Desarrollo Empresarial (CIDE), FACES-ULA (Nov. 2011 a la fecha). \u00c1reas de Investigaci\u00f3n: Historia y pensamiento de la Administraci\u00f3n, Emprendimiento y Desarrollo Empresarial.<\/p>\n<p>&nbsp;<\/p>\n<p>[\/et_pb_blurb][\/et_pb_column][et_pb_column type=\u00bb1_3&#8243; _builder_version=\u00bb4.20.4&#8243; _module_preset=\u00bbdefault\u00bb global_colors_info=\u00bb{}\u00bb][et_pb_blurb title=\u00bbProfesora Mar\u00eda Fernanda Pe\u00f1a\u00bb image=\u00bbhttps:\/\/www.facesulavirtual.org\/cide\/wp-content\/uploads\/2023\/04\/Profesora-Maria-Fernanda-Pena-300&#215;300.png\u00bb image_icon_width=\u00bb56%\u00bb _builder_version=\u00bb4.20.4&#8243; _module_preset=\u00bbdefault\u00bb header_font=\u00bb|700|||||||\u00bb header_text_align=\u00bbcenter\u00bb global_colors_info=\u00bb{}\u00bb]<\/p>\n<p style=\"text-align: justify;\">Doctora y mag\u00edster en Derecho Universidad de Los Andes, Bogot\u00e1-Colombia (UNIANDES).\u00a0 Especialista en Derecho Corporativo (UNIMET). Abogada (ULA). Miembro del Centro de Investigaciones en Propiedad Intelectual (CIPI-ULA). \u00c1reas de investigaci\u00f3n: derecho corporativo, derecho societario, derecho de grupos empresariales, an\u00e1lisis econ\u00f3mico del derecho.<\/p>\n<p>&nbsp;<\/p>\n<p>[\/et_pb_blurb][\/et_pb_column][\/et_pb_row][et_pb_row column_structure=\u00bb1_3,1_3,1_3&#8243; _builder_version=\u00bb4.20.4&#8243; _module_preset=\u00bbdefault\u00bb width=\u00bb93%\u00bb global_colors_info=\u00bb{}\u00bb][et_pb_column type=\u00bb1_3&#8243; _builder_version=\u00bb4.20.4&#8243; _module_preset=\u00bbdefault\u00bb global_colors_info=\u00bb{}\u00bb][et_pb_blurb title=\u00bbProfesor  Francisco Garc\u00eda\u00bb image=\u00bbhttps:\/\/www.facesulavirtual.org\/cide\/wp-content\/uploads\/2023\/04\/Profesor-Francisco-Garcia-300&#215;300.png\u00bb image_icon_width=\u00bb56%\u00bb _builder_version=\u00bb4.20.4&#8243; _module_preset=\u00bbdefault\u00bb header_font=\u00bb|700|||||||\u00bb header_text_align=\u00bbcenter\u00bb global_colors_info=\u00bb{}\u00bb]<\/p>\n<p style=\"text-align: justify;\">Doctor en Ingenier\u00eda Industrial, menci\u00f3n An\u00e1lisis de Decisiones y Tecnolog\u00edas de la Informaci\u00f3n de la Universidad An\u00e1huac, D. F. M\u00e9xico. Maestr\u00eda en Ingenier\u00eda Industrial (Universidad An\u00e1huac, M\u00e9xico). Licenciado en \u00a0Administraci\u00f3n (ULA).\u00a0 \u00c1reas de investigaci\u00f3n: Administraci\u00f3n de la Cadena de Suministros, Log\u00edstica y Administraci\u00f3n de Operaciones, Matem\u00e1tica Financiera y Evaluaci\u00f3n de Proyectos; Optimizaci\u00f3n, Productividad; Simulaci\u00f3n, Modelado e Investigaci\u00f3n de\u00a0 Operaciones; Prospectiva por Escenarios.<\/p>\n<p>&nbsp;<\/p>\n<p>[\/et_pb_blurb][\/et_pb_column][et_pb_column type=\u00bb1_3&#8243; _builder_version=\u00bb4.20.4&#8243; _module_preset=\u00bbdefault\u00bb global_colors_info=\u00bb{}\u00bb][et_pb_blurb title=\u00bbProfesora Ismaira Contreras.\u00bb image=\u00bbhttps:\/\/www.facesulavirtual.org\/cide\/wp-content\/uploads\/2023\/04\/Profesora-Ismaira-Contreras-300&#215;300.png\u00bb image_icon_width=\u00bb56%\u00bb content_max_width=\u00bb486px\u00bb _builder_version=\u00bb4.20.4&#8243; _module_preset=\u00bbdefault\u00bb header_font=\u00bb|700|||||||\u00bb header_text_align=\u00bbcenter\u00bb width=\u00bb100%\u00bb global_colors_info=\u00bb{}\u00bb]<\/p>\n<p style=\"text-align: justify;\">Doctora en Ciencias Humanas HUMANIC (ULA). Magister Scientiae en Administraci\u00f3n. Licenciada en Contadur\u00eda P\u00fablica. Profesora en la categor\u00eda Titular (ULA). Miembro del Grupo de Investigaci\u00f3n sobre las Organizaciones (GIO) del CIDE-FACES-ULA. \u00c1reas de Investigaci\u00f3n: oportunidades de inversi\u00f3n de las PyMES, oportunidades de financiamiento de las PyMES, An\u00e1lisis financiero de empresas por sectores econ\u00f3micos, Gesti\u00f3n financiera de corto plazo en las PyMES, Gesti\u00f3n y\/o desempe\u00f1o de las Instituciones microfinancieras, desarrollo del mercado microfinanciero en Venezuela, impacto de los programas microfinancieros<\/p>\n<p>[\/et_pb_blurb][\/et_pb_column][et_pb_column type=\u00bb1_3&#8243; _builder_version=\u00bb4.20.4&#8243; _module_preset=\u00bbdefault\u00bb global_colors_info=\u00bb{}\u00bb][et_pb_blurb title=\u00bbProfesor Daniel Ram\u00edrez Calder\u00f3n\u00bb image=\u00bbhttps:\/\/www.facesulavirtual.org\/cide\/wp-content\/uploads\/2023\/04\/Profesor-Ramirez-Calderon-300&#215;300.png\u00bb image_icon_width=\u00bb56%\u00bb _builder_version=\u00bb4.20.4&#8243; _module_preset=\u00bbdefault\u00bb header_font=\u00bb|700|||||||\u00bb header_text_align=\u00bbcenter\u00bb global_colors_info=\u00bb{}\u00bb]<\/p>\n<p style=\"text-align: justify;\">Doctor en Direcci\u00f3n de Empresas (Universidad UCEMA, Argentina). Master Business Administration (University of Scranton, Pennsilvania USA). Licenciado en Administraci\u00f3n (ULA). Profesor Titular del Departamento de Ciencias Administrativas perteneciente a la C\u00e1tedra de Operaciones y M\u00e9todos Cuantitativos.\u00a0 Integrante del Grupo de Investigaci\u00f3n sobre Agricultura, Gerencia y Ambiente (GISAGA). \u00c1reas de investigaci\u00f3n: Toma de decisiones, M\u00e9todos Cuantitativos y Finanzas Empresariales.<\/p>\n<p>&nbsp;<\/p>\n<p>[\/et_pb_blurb][\/et_pb_column][\/et_pb_row][et_pb_row column_structure=\u00bb1_3,1_3,1_3&#8243; _builder_version=\u00bb4.20.4&#8243; _module_preset=\u00bbdefault\u00bb width=\u00bb93%\u00bb global_colors_info=\u00bb{}\u00bb][et_pb_column type=\u00bb1_3&#8243; _builder_version=\u00bb4.20.4&#8243; _module_preset=\u00bbdefault\u00bb global_colors_info=\u00bb{}\u00bb][et_pb_blurb title=\u00bbProfesora Ghelly Ram\u00edrez \u00bb image=\u00bbhttps:\/\/www.facesulavirtual.org\/cide\/wp-content\/uploads\/2023\/05\/profesora-Ghelly-Ramirez.jpg\u00bb _builder_version=\u00bb4.21.0&#8243; _module_preset=\u00bbdefault\u00bb title_text=\u00bbprofesora Ghelly Ram\u00edrez\u00bb hover_enabled=\u00bb0&#8243; sticky_enabled=\u00bb0&#8243; border_radii_image=\u00bbon|705px|705px|705px|705px\u00bb image_icon_width=\u00bb50%\u00bb border_width_all_image=\u00bb1px\u00bb border_color_all_image=\u00bb#811212&#8243; header_text_align=\u00bbcenter\u00bb header_font=\u00bb|700|||||||\u00bb]<\/p>\n<p style=\"text-align: justify;\"><span>Licenciada en Administraci\u00f3n de Empresas, Universidad de Los Andes (ULA), M\u00e9rida \u2013 Venezuela. Magister en Administraci\u00f3n, menci\u00f3n Finanzas (CIDE \u2013 ULA), M\u00e9rida &#8211; Venezuela. Docente adscrita al Centro de Investigaciones y Desarrollo Empresarial (CIDE) de la Facultad de Ciencias y Sociales de la Universidad de Los Andes. Docente colaboradora de la C\u00e1tedra de Administraci\u00f3n Financiera de la Facultad de Ciencias Econ\u00f3micas y Sociales de la Universidad de Los Andes. Miembro de la L\u00ednea de investigaci\u00f3n Finanzas del CIDE. Miembro del cuerpo de arbitraje de la Revista Visi\u00f3n Gerencial.<\/span><\/p>\n<p>[\/et_pb_blurb][\/et_pb_column][et_pb_column type=\u00bb1_3&#8243; _builder_version=\u00bb4.20.4&#8243; _module_preset=\u00bbdefault\u00bb global_colors_info=\u00bb{}\u00bb][et_pb_blurb title=\u00bbProfesora Melissa Maiella\u00bb image=\u00bbhttps:\/\/www.facesulavirtual.org\/cide\/wp-content\/uploads\/2023\/05\/profesora-melissa-300&#215;294.jpg\u00bb image_icon_width=\u00bb53%\u00bb content_max_width=\u00bb482px\u00bb _builder_version=\u00bb4.21.0&#8243; _module_preset=\u00bbdefault\u00bb header_font=\u00bb|700|||||||\u00bb header_text_align=\u00bbcenter\u00bb width=\u00bb100%\u00bb hover_enabled=\u00bb0&#8243; border_radii_image=\u00bbon|84px|84px|84px|84px\u00bb border_width_all_image=\u00bb1px\u00bb border_color_all_image=\u00bb#811212&#8243; global_colors_info=\u00bb{}\u00bb sticky_enabled=\u00bb0&#8243;]<\/p>\n<p style=\"text-align: justify;\">Ingeniero Qu\u00edmico (ULA), Lic. en Administraci\u00f3n de Empresas(ULA), Msc. en Administraci\u00f3n. Tutor Virtual e Integrante del Plan de Formaci\u00f3n Docente (ULA), Diplomado en Gerencia de Proyectos (CIDIAT), Analista de Control de Calidad en Aguas de M\u00e9rida(2014).<\/p>\n<p>[\/et_pb_blurb][\/et_pb_column][et_pb_column type=\u00bb1_3&#8243; _builder_version=\u00bb4.20.4&#8243; _module_preset=\u00bbdefault\u00bb global_colors_info=\u00bb{}\u00bb][\/et_pb_column][\/et_pb_row][\/et_pb_section]<\/p>\n","protected":false},"excerpt":{"rendered":"<p>Con\u00f3cenos <div class=\"et_pb_module dnxte_text_divider dnxte_text_divider_0\">\n\t\t\t\t\n\t\t\t\t\n\t\t\t\t\n\t\t\t\t\n\t\t\t\t\n\t\t\t\t\n\t\t\t\t<div class=\"et_pb_module_inner\">\n\t\t\t\t\t<div class=\"dnxt-text-divider-wrapper  \">\r\n\t\t\t\t<div class=\"dnxt-text-divider-before dnxt-text-divider\"><\/div>\r\n\t\t\t\t<span class=\"dnxt-text-divider-spacing\">\u00bfQue hacemos?<\/span>\r\n\t\t\t\t<div class=\"dnxt-text-divider-after dnxt-text-divider\"><\/div>\r\n\t\t\t<\/div>\n\t\t\t\t<\/div>\n\t\t\t<\/div>Generar y difundir conocimientos cient\u00edficos en las disciplinas de la Administraci\u00f3n y la Gerencia, a trav\u00e9s de tres actividades fundamentales: Investigaci\u00f3n, Postgrado y Extensi\u00f3n, todo ello en procura de desarrollar capacidades y potencialidades en nuestros estudiantes, actores y aliados, fortaleciendo su contribuci\u00f3n a un mundo [&hellip;]<\/p>\n","protected":false},"author":1,"featured_media":0,"parent":0,"menu_order":0,"comment_status":"closed","ping_status":"closed","template":"","meta":{"_et_pb_use_builder":"on","_et_pb_old_content":"","_et_gb_content_width":"","footnotes":""},"class_list":["post-225","page","type-page","status-publish","hentry"],"_links":{"self":[{"href":"https:\/\/www.facesulavirtual.org\/cide\/wp-json\/wp\/v2\/pages\/225","targetHints":{"allow":["GET"]}}],"collection":[{"href":"https:\/\/www.facesulavirtual.org\/cide\/wp-json\/wp\/v2\/pages"}],"about":[{"href":"https:\/\/www.facesulavirtual.org\/cide\/wp-json\/wp\/v2\/types\/page"}],"author":[{"embeddable":true,"href":"https:\/\/www.facesulavirtual.org\/cide\/wp-json\/wp\/v2\/users\/1"}],"replies":[{"embeddable":true,"href":"https:\/\/www.facesulavirtual.org\/cide\/wp-json\/wp\/v2\/comments?post=225"}],"version-history":[{"count":28,"href":"https:\/\/www.facesulavirtual.org\/cide\/wp-json\/wp\/v2\/pages\/225\/revisions"}],"predecessor-version":[{"id":987511002,"href":"https:\/\/www.facesulavirtual.org\/cide\/wp-json\/wp\/v2\/pages\/225\/revisions\/987511002"}],"wp:attachment":[{"href":"https:\/\/www.facesulavirtual.org\/cide\/wp-json\/wp\/v2\/media?parent=225"}],"curies":[{"name":"wp","href":"https:\/\/api.w.org\/{rel}","templated":true}]}}